{"id":51526,"date":"2025-01-30T10:39:37","date_gmt":"2025-01-30T09:39:37","guid":{"rendered":"https:\/\/www.caralliance.be\/de\/vehicule\/audi-q6-q6-e-tron-deutsch\/"},"modified":"2025-01-30T10:27:47","modified_gmt":"2025-01-30T09:27:47","slug":"audi-q6-q6-e-tron-deutsch-51526","status":"publish","type":"vehicule","link":"https:\/\/www.caralliance.be\/de\/vehicule\/audi-q6-q6-e-tron-deutsch-51526\/","title":{"rendered":"Audi &#8211; Q6 Q6 e-tron (Deutsch)"},"content":{"rendered":"","protected":false},"excerpt":{"rendered":"","protected":false},"author":2,"featured_media":0,"comment_status":"closed","ping_status":"closed","template":"","meta":{"_acf_changed":false,"footnotes":""},"class_list":["post-51526","vehicule","type-vehicule","status-publish","hentry"],"acf":{"chassis":"","reference":"","version":"","titre":"","titre_premium":"","kilometrage":"","garantie_duree":false,"garantie_constructeur":false,"garantie_constructeur_debut":null,"garantie_constructeur_fin":null,"kilometrage_limite":"","type_vehicule":null,"emplacement":null,"twinner_reload_modele":false,"parking":"","numero_cle":"","nombre_de_cles":"","disponibilite":1,"disponibilite_date":null,"disponibilite_endeans":false,"categorie":false,"proprietaires_precedents":false,"date_premiere_immatriculation":null,"kit_winter_pneus":false,"carnet_entretien":true,"filtre_particule":true,"couleur_metallisee":false,"couleur_exterieur":false,"couleur_exterieur_constructeur":"","couleur_interieur":false,"equipement_interieur":false,"commentaires_publication":null,"soh_pdf":null,"soh_image":null,"soh_value":"","mobbizz_tco_1":"","mobbizz_tco_2":"","mobbizz_tco_3":"","mobbizz_atn":"","mobbizz_deductibility":"","vehicules_identiques":null,"parent_vehicle":null,"children_vehicles":null,"kia_config":null,"kia_packs":null,"kia_color":null,"import_kia_data":false,"equipment_packs":null,"twinner_reload_equipments":false,"show_equipment_text":false,"equipment_text_fr":"","equipment_text_de":"","equipment_text_en":"","equipment_text_nl":"","equipements":null,"rapport_dexpertise":null,"dammages_fr":null,"dammages_de":null,"dammages_en":null,"ignore_missing_photos":false,"photos_travail":null,"photos_twinner":null,"twinner_threesixty":"","photomotion_threesixty":"","date_vente":null,"705_digital":false,"documents_arrived_date":null,"lancer_requete_car_pass":false,"car_pass_checked":false,"car_pass_recheck":false,"car_pass_retrieved":false,"car_pass_url":"","car_pass_filename":"","car_pass_status":"","car_pass_error":"","car_pass_error_type":"","car_pass_historique_fr":null,"car_pass_historique_de":null,"car_pass_historique_nl":null,"car_pass_historique_en":null,"erwin_reload_equipments":false,"erwin_last_control_date":null,"config_be":null,"erwin_fr":null,"erwin_de":null,"erwin_nl":null,"mobbizz_show_on_website_electric_vehicle":false,"mobbizz_show_on_website_vehicle_leasing":false,"mobbizz_update_prices":false,"mobbizz_prices_file":null,"mobbizz_cover_image":null,"mobbizz_rental_rates":null,"vehicle_on_order":false,"vehicle_on_order_version":null,"vehicle_on_order_standard_equipments_relation":null,"vehicle_on_order_optional_equipment_relation":null,"vehicle_on_order_available_colors":null,"vehicle_on_order_options":null,"vehicle_on_order_packs":null,"statut":false,"statut_ireach":"","order_tracking":false,"vehicule_lts":false,"conducteur":"","email_conducteur":"","plaque_immatriculation":"","date_dernier_kilometrage":null,"vehicule_controle":false,"premium":false,"livrable_24h":false,"vehicule_ireach":false,"saved_vehicle":true,"prix_catalogue":0,"prix_vente":0,"tva_recuperable":false,"prix_marchand":0,"prix_vehicule_base":0,"origine":false,"proprietaire_vehicule":false},"yoast_head":"<!-- This site is optimized with the Yoast SEO plugin v27.1.1 - https:\/\/yoast.com\/product\/yoast-seo-wordpress\/ -->\n<title>Audi - Q6 Q6 e-tron (Deutsch) - Caralliance - Der gr\u00f6\u00dfte Bestand an Neu- und Gebrauchtfahrzeugen in der Provinz L\u00fcttich<\/title>\n<meta name=\"robots\" content=\"index, follow, max-snippet:-1, max-image-preview:large, max-video-preview:-1\" \/>\n<link rel=\"canonical\" href=\"https:\/\/www.caralliance.be\/de\/vehicule\/audi-q6-q6-e-tron-deutsch-51526\/\" \/>\n<meta property=\"og:locale\" content=\"de_DE\" \/>\n<meta property=\"og:type\" content=\"product.item\" \/>\n<meta property=\"og:title\" content=\"Audi &#8211; Q6 Q6 e-tron (Deutsch) S-line\" \/>\n<meta property=\"og:url\" content=\"https:\/\/www.caralliance.be\/de\/vehicule\/audi-q6-q6-e-tron-deutsch-51526\/\" \/>\n<meta property=\"og:site_name\" content=\"Caralliance - Der gr\u00f6\u00dfte Bestand an Neu- und Gebrauchtfahrzeugen in der Provinz L\u00fcttich\" \/>\n<meta name=\"twitter:card\" content=\"summary_large_image\" \/>\n<script type=\"application\/ld+json\" class=\"yoast-schema-graph\">{\"@context\":\"https:\/\/schema.org\",\"@graph\":[{\"@type\":\"WebPage\",\"@id\":\"https:\/\/www.caralliance.be\/de\/vehicule\/audi-q6-q6-e-tron-deutsch-51526\/\",\"url\":\"https:\/\/www.caralliance.be\/de\/vehicule\/audi-q6-q6-e-tron-deutsch-51526\/\",\"name\":\"Audi - Q6 Q6 e-tron (Deutsch) - Caralliance - Der gr\u00f6\u00dfte Bestand an Neu- und Gebrauchtfahrzeugen in der Provinz L\u00fcttich\",\"isPartOf\":{\"@id\":\"https:\/\/www.caralliance.be\/de\/#website\"},\"datePublished\":\"2025-01-30T09:39:37+00:00\",\"breadcrumb\":{\"@id\":\"https:\/\/www.caralliance.be\/de\/vehicule\/audi-q6-q6-e-tron-deutsch-51526\/#breadcrumb\"},\"inLanguage\":\"de\",\"potentialAction\":[{\"@type\":\"ReadAction\",\"target\":[\"https:\/\/www.caralliance.be\/de\/vehicule\/audi-q6-q6-e-tron-deutsch-51526\/\"]}]},{\"@type\":\"BreadcrumbList\",\"@id\":\"https:\/\/www.caralliance.be\/de\/vehicule\/audi-q6-q6-e-tron-deutsch-51526\/#breadcrumb\",\"itemListElement\":[{\"@type\":\"ListItem\",\"position\":1,\"name\":\"Home\",\"item\":\"https:\/\/www.caralliance.be\/de\/\"},{\"@type\":\"ListItem\",\"position\":2,\"name\":\"V\u00e9hicules\",\"item\":\"https:\/\/www.caralliance.be\/de\/vehicule\/\"},{\"@type\":\"ListItem\",\"position\":3,\"name\":\"Audi &#8211; Q6 Q6 e-tron (Deutsch)\"}]},{\"@type\":\"WebSite\",\"@id\":\"https:\/\/www.caralliance.be\/de\/#website\",\"url\":\"https:\/\/www.caralliance.be\/de\/\",\"name\":\"Caralliance - Der gr\u00f6\u00dfte Bestand an Neu- und Gebrauchtfahrzeugen in der Provinz L\u00fcttich\",\"description\":\"Finden Sie jetzt Ihr Traumauto!\",\"potentialAction\":[{\"@type\":\"SearchAction\",\"target\":{\"@type\":\"EntryPoint\",\"urlTemplate\":\"https:\/\/www.caralliance.be\/de\/?s={search_term_string}\"},\"query-input\":{\"@type\":\"PropertyValueSpecification\",\"valueRequired\":true,\"valueName\":\"search_term_string\"}}],\"inLanguage\":\"de\"}]}<\/script>\n<!-- \/ Yoast SEO plugin. -->","yoast_head_json":{"title":"Audi - Q6 Q6 e-tron (Deutsch) - Caralliance - Der gr\u00f6\u00dfte Bestand an Neu- und Gebrauchtfahrzeugen in der Provinz L\u00fcttich","robots":{"index":"index","follow":"follow","max-snippet":"max-snippet:-1","max-image-preview":"max-image-preview:large","max-video-preview":"max-video-preview:-1"},"canonical":"https:\/\/www.caralliance.be\/de\/vehicule\/audi-q6-q6-e-tron-deutsch-51526\/","og_locale":"de_DE","og_type":"product.item","og_title":"Audi &#8211; Q6 Q6 e-tron (Deutsch) S-line","og_url":"https:\/\/www.caralliance.be\/de\/vehicule\/audi-q6-q6-e-tron-deutsch-51526\/","og_site_name":"Caralliance - Der gr\u00f6\u00dfte Bestand an Neu- und Gebrauchtfahrzeugen in der Provinz L\u00fcttich","twitter_card":"summary_large_image","schema":{"@context":"https:\/\/schema.org","@graph":[{"@type":"WebPage","@id":"https:\/\/www.caralliance.be\/de\/vehicule\/audi-q6-q6-e-tron-deutsch-51526\/","url":"https:\/\/www.caralliance.be\/de\/vehicule\/audi-q6-q6-e-tron-deutsch-51526\/","name":"Audi - Q6 Q6 e-tron (Deutsch) - Caralliance - Der gr\u00f6\u00dfte Bestand an Neu- und Gebrauchtfahrzeugen in der Provinz L\u00fcttich","isPartOf":{"@id":"https:\/\/www.caralliance.be\/de\/#website"},"datePublished":"2025-01-30T09:39:37+00:00","breadcrumb":{"@id":"https:\/\/www.caralliance.be\/de\/vehicule\/audi-q6-q6-e-tron-deutsch-51526\/#breadcrumb"},"inLanguage":"de","potentialAction":[{"@type":"ReadAction","target":["https:\/\/www.caralliance.be\/de\/vehicule\/audi-q6-q6-e-tron-deutsch-51526\/"]}]},{"@type":"BreadcrumbList","@id":"https:\/\/www.caralliance.be\/de\/vehicule\/audi-q6-q6-e-tron-deutsch-51526\/#breadcrumb","itemListElement":[{"@type":"ListItem","position":1,"name":"Home","item":"https:\/\/www.caralliance.be\/de\/"},{"@type":"ListItem","position":2,"name":"V\u00e9hicules","item":"https:\/\/www.caralliance.be\/de\/vehicule\/"},{"@type":"ListItem","position":3,"name":"Audi &#8211; Q6 Q6 e-tron (Deutsch)"}]},{"@type":"WebSite","@id":"https:\/\/www.caralliance.be\/de\/#website","url":"https:\/\/www.caralliance.be\/de\/","name":"Caralliance - Der gr\u00f6\u00dfte Bestand an Neu- und Gebrauchtfahrzeugen in der Provinz L\u00fcttich","description":"Finden Sie jetzt Ihr Traumauto!","potentialAction":[{"@type":"SearchAction","target":{"@type":"EntryPoint","urlTemplate":"https:\/\/www.caralliance.be\/de\/?s={search_term_string}"},"query-input":{"@type":"PropertyValueSpecification","valueRequired":true,"valueName":"search_term_string"}}],"inLanguage":"de"}]}},"_links":{"self":[{"href":"https:\/\/www.caralliance.be\/de\/wp-json\/wp\/v2\/vehicule\/51526","targetHints":{"allow":["GET"]}}],"collection":[{"href":"https:\/\/www.caralliance.be\/de\/wp-json\/wp\/v2\/vehicule"}],"about":[{"href":"https:\/\/www.caralliance.be\/de\/wp-json\/wp\/v2\/types\/vehicule"}],"author":[{"embeddable":true,"href":"https:\/\/www.caralliance.be\/de\/wp-json\/wp\/v2\/users\/2"}],"replies":[{"embeddable":true,"href":"https:\/\/www.caralliance.be\/de\/wp-json\/wp\/v2\/comments?post=51526"}],"version-history":[{"count":1,"href":"https:\/\/www.caralliance.be\/de\/wp-json\/wp\/v2\/vehicule\/51526\/revisions"}],"predecessor-version":[{"id":51527,"href":"https:\/\/www.caralliance.be\/de\/wp-json\/wp\/v2\/vehicule\/51526\/revisions\/51527"}],"wp:attachment":[{"href":"https:\/\/www.caralliance.be\/de\/wp-json\/wp\/v2\/media?parent=51526"}],"curies":[{"name":"wp","href":"https:\/\/api.w.org\/{rel}","templated":true}]}}

<!-- This site is optimized with the Yoast SEO plugin v27.1.1 - https://yoast.com/product/yoast-seo-wordpress/ -->
<title>Audi - Q6 Q6 e-tron (Deutsch) - Caralliance - Der größte Bestand an Neu- und Gebrauchtfahrzeugen in der Provinz Lüttich</title>
<meta name="robots" content="index, follow, max-snippet:-1, max-image-preview:large, max-video-preview:-1" />
<link rel="canonical" href="https://www.caralliance.be/de/vehicule/audi-q6-q6-e-tron-deutsch-51526/" />
<meta property="og:locale" content="de_DE" />
<meta property="og:type" content="product.item" />
<meta property="og:title" content="Audi &#8211; Q6 Q6 e-tron (Deutsch) S-line" />
<meta property="og:url" content="https://www.caralliance.be/de/vehicule/audi-q6-q6-e-tron-deutsch-51526/" />
<meta property="og:site_name" content="Caralliance - Der größte Bestand an Neu- und Gebrauchtfahrzeugen in der Provinz Lüttich" />
<meta name="twitter:card" content="summary_large_image" />
<script type="application/ld+json" class="yoast-schema-graph">{"@context":"https://schema.org","@graph":[{"@type":"WebPage","@id":"https://www.caralliance.be/de/vehicule/audi-q6-q6-e-tron-deutsch-51526/","url":"https://www.caralliance.be/de/vehicule/audi-q6-q6-e-tron-deutsch-51526/","name":"Audi - Q6 Q6 e-tron (Deutsch) - Caralliance - Der größte Bestand an Neu- und Gebrauchtfahrzeugen in der Provinz Lüttich","isPartOf":{"@id":"https://www.caralliance.be/de/#website"},"datePublished":"2025-01-30T09:39:37+00:00","breadcrumb":{"@id":"https://www.caralliance.be/de/vehicule/audi-q6-q6-e-tron-deutsch-51526/#breadcrumb"},"inLanguage":"de","potentialAction":[{"@type":"ReadAction","target":["https://www.caralliance.be/de/vehicule/audi-q6-q6-e-tron-deutsch-51526/"]}]},{"@type":"BreadcrumbList","@id":"https://www.caralliance.be/de/vehicule/audi-q6-q6-e-tron-deutsch-51526/#breadcrumb","itemListElement":[{"@type":"ListItem","position":1,"name":"Home","item":"https://www.caralliance.be/de/"},{"@type":"ListItem","position":2,"name":"Véhicules","item":"https://www.caralliance.be/de/vehicule/"},{"@type":"ListItem","position":3,"name":"Audi &#8211; Q6 Q6 e-tron (Deutsch)"}]},{"@type":"WebSite","@id":"https://www.caralliance.be/de/#website","url":"https://www.caralliance.be/de/","name":"Caralliance - Der größte Bestand an Neu- und Gebrauchtfahrzeugen in der Provinz Lüttich","description":"Finden Sie jetzt Ihr Traumauto!","potentialAction":[{"@type":"SearchAction","target":{"@type":"EntryPoint","urlTemplate":"https://www.caralliance.be/de/?s={search_term_string}"},"query-input":{"@type":"PropertyValueSpecification","valueRequired":true,"valueName":"search_term_string"}}],"inLanguage":"de"}]}</script>
<!-- / Yoast SEO plugin. -->

Audi - Q6 Q6 e-tron (Deutsch) - Caralliance - Der größte Bestand an Neu- und Gebrauchtfahrzeugen in der Provinz Lüttich

Caralliance - Der größte Bestand an Neu- und Gebrauchtfahrzeugen in der Provinz Lüttich

Véhicules
